{"id":199,"date":"2022-03-10T20:24:41","date_gmt":"2022-03-10T19:24:41","guid":{"rendered":"http:\/\/tennis-de-table-saint-ave.fr\/?page_id=199"},"modified":"2023-08-29T11:34:01","modified_gmt":"2023-08-29T09:34:01","slug":"nos-liens","status":"publish","type":"page","link":"https:\/\/tennis-de-table-saint-ave.fr\/index.php\/nos-liens\/","title":{"rendered":"Quelques Liens"},"content":{"rendered":"<h3 style=\"text-align: center;\">Commune de Saint-Av\u00e9<\/h3>\n<p style=\"text-align: center;\"><a href=\"https:\/\/www.saint-ave.bzh\/\" target=\"_blank\" rel=\"noopener\"><img loading=\"lazy\" decoding=\"async\" src=\"http:\/\/tennis-de-table-saint-ave.fr\/wp-content\/uploads\/2022\/03\/LogoStAve\u0301-150x150.png\" alt=\"\" class=\"alignnone wp-image-223 size-thumbnail\" width=\"150\" height=\"150\" \/><\/a><\/p>\n<h3 style=\"text-align: center;\">Comit\u00e9 du Morbihan de Tennis de Table<\/h3>\n<p style=\"text-align: center;\"><a href=\"http:\/\/club.quomodo.com\/comite-morbihan-tt\" target=\"_blank\" rel=\"noopener\"><img loading=\"lazy\" decoding=\"async\" src=\"http:\/\/tennis-de-table-saint-ave.fr\/wp-content\/uploads\/2022\/03\/LogoCDTT56.png\" alt=\"\" class=\"alignnone wp-image-224 size-full\" width=\"128\" height=\"120\" \/><\/a><\/p>\n<h3 style=\"text-align: center;\">Ligue de Bretagne de Tennis de Table<\/h3>\n<p style=\"text-align: center;\"><a href=\"http:\/\/lbretagnett.com\/\" target=\"_blank\" rel=\"noopener\"><img loading=\"lazy\" decoding=\"async\" src=\"http:\/\/tennis-de-table-saint-ave.fr\/wp-content\/uploads\/2022\/03\/LogoLBTT-150x150.jpg\" alt=\"\" class=\"alignnone wp-image-225 size-thumbnail\" width=\"150\" height=\"150\" \/><\/a><\/p>\n<h3 style=\"text-align: center;\">F\u00e9d\u00e9ration Fran\u00e7aise de Tennis de Table<\/h3>\n<p style=\"text-align: center;\"><a href=\"https:\/\/www.fftt.com\/site\/accueil\" target=\"_blank\" rel=\"noopener\"><img loading=\"lazy\" decoding=\"async\" src=\"http:\/\/tennis-de-table-saint-ave.fr\/wp-content\/uploads\/2022\/03\/LogoFFTT-150x150.png\" alt=\"\" class=\"alignnone wp-image-226 size-thumbnail\" width=\"150\" height=\"150\" \/><\/a><\/p>\n<hr \/>\n<p><img loading=\"lazy\" decoding=\"async\" src=\"http:\/\/tennis-de-table-saint-ave.fr\/wp-content\/uploads\/2022\/03\/LogoBandeauSite-300x82.png\" alt=\"\" class=\"size-medium wp-image-71 aligncenter\" width=\"300\" height=\"82\" srcset=\"https:\/\/tennis-de-table-saint-ave.fr\/wp-content\/uploads\/2022\/03\/LogoBandeauSite-300x82.png 300w, https:\/\/tennis-de-table-saint-ave.fr\/wp-content\/uploads\/2022\/03\/LogoBandeauSite.png 587w\" sizes=\"auto, (max-width: 300px) 100vw, 300px\" \/><\/p>\n","protected":false},"excerpt":{"rendered":"<p>Commune de Saint-Av\u00e9 Comit\u00e9 du Morbihan de Tennis de Table Ligue de Bretagne de Tennis de Table F\u00e9d\u00e9ration Fran\u00e7aise de Tennis de Table<\/p>\n","protected":false},"author":1,"featured_media":200,"parent":0,"menu_order":0,"comment_status":"closed","ping_status":"closed","template":"","meta":{"footnotes":""},"class_list":["post-199","page","type-page","status-publish","has-post-thumbnail","hentry"],"_links":{"self":[{"href":"https:\/\/tennis-de-table-saint-ave.fr\/index.php\/wp-json\/wp\/v2\/pages\/199","targetHints":{"allow":["GET"]}}],"collection":[{"href":"https:\/\/tennis-de-table-saint-ave.fr\/index.php\/wp-json\/wp\/v2\/pages"}],"about":[{"href":"https:\/\/tennis-de-table-saint-ave.fr\/index.php\/wp-json\/wp\/v2\/types\/page"}],"author":[{"embeddable":true,"href":"https:\/\/tennis-de-table-saint-ave.fr\/index.php\/wp-json\/wp\/v2\/users\/1"}],"replies":[{"embeddable":true,"href":"https:\/\/tennis-de-table-saint-ave.fr\/index.php\/wp-json\/wp\/v2\/comments?post=199"}],"version-history":[{"count":7,"href":"https:\/\/tennis-de-table-saint-ave.fr\/index.php\/wp-json\/wp\/v2\/pages\/199\/revisions"}],"predecessor-version":[{"id":232,"href":"https:\/\/tennis-de-table-saint-ave.fr\/index.php\/wp-json\/wp\/v2\/pages\/199\/revisions\/232"}],"wp:featuredmedia":[{"embeddable":true,"href":"https:\/\/tennis-de-table-saint-ave.fr\/index.php\/wp-json\/wp\/v2\/media\/200"}],"wp:attachment":[{"href":"https:\/\/tennis-de-table-saint-ave.fr\/index.php\/wp-json\/wp\/v2\/media?parent=199"}],"curies":[{"name":"wp","href":"https:\/\/api.w.org\/{rel}","templated":true}]}}